he prime factors of 11831?
11831
What are the prime factors of 13594?
2, 7, 971
List the prime factors of 54182.
2, 27091
What are the prime factors of 1513?
17, 89
List the prime factors of 3826.
2, 1913
List the prime factors of 1824.
2, 3, 19
What are the prime factors of 3255?
3, 5, 7, 31
List the prime factors of 2171.
13, 167
List the prime factors of 4160.
2, 5, 13
List the prime factors of 66607.
43, 1549
What are the prime factors of 44822?
2, 73, 307
What are the prime factors of 5945?
5, 29, 41
What are the prime factors of 166?
2, 83
List the prime factors of 24475.
5, 11, 89
List the prime factors of 134802.
2, 3, 7489
What are the prime factors of 19210?
2, 5, 17, 113
List the prime factors of 28333.
29, 977
List the prime factors of 110633.
317, 349
What are the prime factors of 15369?
3, 47, 109
What are the prime factors of 125?
5
List the prime factors of 8703.
3, 967
What are the prime factors of 16034?
2, 8017
What are the prime factors of 40134?
2, 3, 6689
What are the prime factors of 106703?
106703
What are the prime factors of 7956?
2, 3, 13, 17
List the prime factors of 7586.
2, 3793
What are the prime factors of 2880?
2, 3, 5
What are the prime factors of 4436?
2, 1109
List the prime factors of 6.
2, 3
What are the prime factors of 2578?
2, 1289
List the prime factors of 1442.
2, 7, 103
List the prime factors of 58978.
2, 37, 797
List the prime factors of 4716.
2, 3, 131
List the prime factors of 58103.
97, 599
What are the prime factors of 6744?
2, 3, 281
List the prime factors of 43277.
13, 3329
List the prime factors of 3212.
2, 11, 73
List the prime factors of 6821.
19, 359
What are the prime factors of 2859?
3, 953
List the prime factors of 3799.
29, 131
What are the prime factors of 117?
3, 13
What are the prime factors of 1927?
41, 47
What are the prime factors of 19962?
2, 3, 1109
List the prime factors of 665.
5, 7, 19
List the prime factors of 2376.
2, 3, 11
List the prime factors of 1611.
3, 179
List the prime factors of 94732.
2, 11, 2153
What are the prime factors of 57358?
2, 7, 17, 241
List the prime factors of 2535.
3, 5, 13
List the prime factors of 3219.
3, 29, 37
What are the prime factors of 569?
569
List the prime factors of 9750.
2, 3, 5, 13
List the prime factors of 759.
3, 11, 23
List the prime factors of 437.
19, 23
What are the prime factors of 1223?
1223
What are the prime factors of 2482?
2, 17, 73
What are the prime factors of 14799?
3, 4933
List the prime factors of 6300.
2, 3, 5, 7
List the prime factors of 4950.
2, 3, 5, 11
List the prime factors of 1010.
2, 5, 101
List the prime factors of 6829.
6829
What are the prime factors of 17426?
2, 8713
What are the prime factors of 5480?
2, 5, 137
List the prime factors of 893.
19, 47
List the prime factors of 155612.
2, 38903
List the prime factors of 11795.
5, 7, 337
What are the prime factors of 66849?
3, 22283
What are the prime factors of 96899?
11, 23, 383
List the prime factors of 522.
2, 3, 29
List the prime factors of 36472.
2, 47, 97
List the prime factors of 1055.
5, 211
List the prime factors of 5203.
11, 43
List the prime factors of 2071.
19, 109
List the prime factors of 13666.
2, 6833
List the prime factors of 28748.
2, 7187
List the prime factors of 458.
2, 229
What are the prime factors of 5960?
2, 5, 149
List the prime factors of 47182.
2, 31, 761
List the prime factors of 5667.
3, 1889
List the prime factors of 9071.
47, 193
What are the prime factors of 1678?
2, 839
List the prime factors of 90355.
5, 17, 1063
What are the prime factors of 3316?
2, 829
List the prime factors of 45880.
2, 5, 31, 37
What are the prime factors of 4142?
2, 19, 109
What are the prime factors of 418?
2, 11, 19
What are the prime factors of 2495?
5, 499
What are the prime factors of 160011?
3, 23, 773
List the prime factors of 10960.
2, 5, 137
What are the prime factors of 78?
2, 3, 13
What are the prime factors of 4225?
5, 13
List the prime factors of 11228.
2, 7, 401
List the prime factors of 12374.
2, 23, 269
List the prime factors of 2537.
43, 59
What are the prime factors of 9624?
2, 3, 401
List the prime factors of 311.
311
List the prime factors of 11733.
3, 3911
List the prime factors of 12852.
2, 3, 7, 17
What are the prime factors of 22096?
2, 1381
List the prime factors of 67634.
2, 7, 4831
List the prime factors of 3118.
2, 1559
What are the prime factors of 13567?
13567
List the prime factors of 10701.
3, 29, 41
List the prime factors of 169373.
169373
What are the prime factors of 19572?
2, 3, 7, 233
What are the prime factors of 15032?
2, 1879
What are the prime factors of 163829?
17, 23, 419
List the prime factors of 51872.
2, 1621
What are the prime factors of 7006?
2, 31, 113
What are the prime factors of 531?
3, 59
What are the prime factors of 261?
3, 29
List the prime factors of 1622.
2, 811
List the prime factors of 54626.
2, 11, 13, 191
What are the prime factors of 52?
2, 13
List the prime factors of 13844.
2, 3461
What are the prime factors of 112853?
13, 8681
List the prime factors of 37481.
37, 1013
What are the prime factors of 3067?
3067
What are the prime factors of 12093?
3, 29, 139
What are the prime factors of 457?
457
List the prime factors of 91635.
3, 5, 41, 149
What are the prime factors of 503?
503
What are the prime factors of 7832?
2, 11, 89
List the prime factors of 4207.
7, 601
What are the prime factors of 19513?
13, 19, 79
List the prime factors of 40016.
2, 41, 61
List the prime factors of 65.
5, 13
List the prime factors of 2932.
2, 733
List the prime factors of 14764.
2, 3691
List the prime factors of 3365.
5, 673
List the prime factors of 6146.
2, 7, 439
What are the prime factors of 71670?
2, 3, 5, 2389
List the prime factors of 1048.
2, 131
List the prime factors of 3245.
5, 11, 59
What are the prime factors of 10727?
17, 631
List the prime factors of 1987.
1987
List the prime factors of 660.
2, 3, 5, 11
What are the prime factors of 15207?
3, 37, 137
List the prime factors of 40881.
3, 13627
List the prime factors of 8426.
2, 11, 383
What are the prime factors of 2445?
3, 5, 163
What are the prime factors of 1503?
3, 167
What are the prime factors of 1986?
2, 3, 331
What are the prime factors of 4143?
3, 1381
List the prime factors of 4989.
3, 1663
What are the prime factors of 44454?
2, 3, 31, 239
What are the prime factors of 45551?
11, 41, 101
List the prime factors of 19767.
3, 11, 599
List the prime factors of 2913.
3, 971
What are the prime factors of 3888?
2, 3
List the prime factors of 97086.
2, 3, 11, 1471
What are the prime factors of 95046?
2, 3, 7, 31, 73
What are the prime factors of 3039?
3, 1013
List the prime factors of 1006.
2, 503
List the prime factors of 23381.
103, 227
List the prime factors of 1484.
2, 7, 53
List the prime factors of 3663.
3, 11, 37
What are the prime factors of 1856?
2, 29
What are the prime factors of 48015?
3, 5, 11, 97
List the prime factors of 1626.
2, 3, 271
What are the prime factors of 24949?
61, 409
List the prime factors of 249.
3, 83
What are the prime factors of 3378?
2, 3, 563
What are the prime factors of 3319?
3319
What are the prime factors of 11840?
2, 5, 37
What are the prime factors of 587?
587
List the prime factors of 8798.
2, 53, 83
List the prime factors of 42567.
3, 7, 2027
What are the prime factors of 72442?
2, 29, 1249
List the prime factors of 13603.
61, 223
List the prime factors of 27194.
2, 13597
What are the prime factors of 2381?
2381
List the prime factors of 66290.
2, 5, 7, 947
What are the prime factors of 2048?
2
What are the prime factors of 2203?
2203
List the prime factors of 14055.
3, 5, 937
List the prime factors of 817.
19, 43
What are the prime factors of 11381?
19, 599
List the prime factors of 4278.
2, 3, 23, 31
List the prime factors of 9517.
31, 307
List the prime factors of 2844.
2, 3, 79
What are the prime factors of 2449?
31, 79
What are the prime factors of 14111?
103, 137
List the prime factors of 34435.
5, 71, 97
List the prime factors of 17465.
5, 7, 499
List the prime factors of 911.
911
What are the prime factors of 2513?
7, 359
What are the prime factors of 186?
2, 3, 31
What are the prime factors of 15908?
2, 41, 97
What are the prime factors of 30593?
30593
What are the prime factors of 25676?
2